/24 + 2*z**2. Let q be t(5). Suppose -3*r + q*r = 16. List the prime factors of r.
2
What are the prime factors of (-176)/6*3/(-2)?
2, 11
Let g(k) = 6*k**2 - 2*k + 1. Let r be g(1). Let u(j) = j**2 - 3*j - 2. What are the prime factors of u(r)?
2
Let h(u) = -u + 3. Let z be h(6). Let y be (6/(-4))/(z/6). List the prime factors of y + 2 - (-2)/2.
2, 3
What are the prime factors of -5 + 1 - (-2184)/13?
2, 41
List the prime factors of (35 + -1)*(-3)/(-6).
17
Suppose -2*o - 8 = -3*o. List the prime factors of (-7)/(-3) - o/(-12).
3
Suppose -2*b + 19 = b + 2*u, u - 8 = -b. What are the prime factors of 3 + -2 + 25 - b?
23
Suppose 0 = -15*f - 5*f + 4960. What are the prime factors of f?
2, 31
What are the prime factors of (16/10)/(1/10)?
2
Let q = -66 - -123. What are the prime factors of q?
3, 19
Let u = 58 - 28. Suppose -z - 11 = -u. What are the prime factors of z?
19
Suppose -3*r = -2 - 1. Let p = r + -5. Let o = p + 16. What are the prime factors of o?
2, 3
Let w = 226 + -78. What are the prime factors of w?
2, 37
Let u(o) = -o + 1. Let v(x) = x**3 + 14*x**2 + 12*x - 16. Let m be v(-13). Let f be u(m). Suppose -18 = f*j - 6*j. List the prime factors of j.
3
Let r(g) = -7 + g - g**2 - 5*g - 3*g. Let u be r(-5). Suppose -5*m = 4*f - 48 - 2, 30 = u*m + 4*f. What are the prime factors of m?
2, 5
Let z be (1 - (1 + -3)) + 27. Suppose -2*m + z = m. List the prime factors of m.
2, 5
Let p = 1 + 0. Let x be -2*(-1)/(-2) - -9. Let z = p + x. List the prime factors of z.
3
Let d = -1 - 0. Let m = -2 - d. Let b(g) = -3*g + 1. List the prime factors of b(m).
2
Let x = -62 + 263. What are the prime factors of x?
3, 67
Let x = -13 - -24. Suppose -6*d + x + 25 = 0. What are the prime factors of d?
2, 3
Suppose 15 + 42 = 3*f + h, -4*f = 2*h - 74. Suppose 2*s = -8, 0 = d - 6*s + 2*s - f. Suppose -d*q + 2 + 58 = 0. What are the prime factors of q?
3, 5
Let t(l) = l**3 + l**2 - 3*l + 5. Let a be t(2). Suppose 3*w - 3*d - 2*d = 33, w = d + a. What are the prime factors of w?
11
Suppose 0 = j - 2*j + 6. What are the prime factors of j/2 + (4 - 2)?
5
Suppose -4*z + 3*z - 2*p + 61 = 0, 41 = z - 3*p. What are the prime factors of z?
53
Let u(h) be the first derivative of h**2 - 6*h - 7. List the prime factors of u(6).
2, 3
Let c be (4 + -1)*1/3. Suppose 4 - c = g. List the prime factors of g.
3
Let y(b) = -b**3 + 6*b**2 + 3*b - 6. Let z = -5 - -11. Let c be y(z). Suppose -a = -k - c - 1, -a - 4*k + 8 = 0. List the prime factors of a.
2, 3
Suppose 61 = 3*o + 5*z, 5 = -4*z - 11. Suppose -91 = -4*v - o. What are the prime factors of v?
2
Let h be -2*-2*(-6)/(-8). Let j = h + -1. Suppose -d = j*d - 42. List the prime factors of d.
2, 7
Let h(p) = p**3 + 5*p**2 + 2*p - 3. Let s(q) = -q. Let y be s(-2). Let j = y - 6. List the prime factors of h(j).
5
Suppose -3*c + 3 = 3*n, n + 11 = -c - 3*n. Suppose -5*x = -4*w - c + 14, -16 = 4*w. Let t = -1 - x. List the prime factors of t.
2
Suppose -162 = -6*z + 24. List the prime factors of z.
31
Suppose 2*k - 490 = -3*k. What are the prime factors of k?
2, 7
Let t be 2*3*(4 - 3). Let i be 19/t + 1/(-6). Suppose i*h - 6 = 36. List the prime factors of h.
2, 7
Suppose 3*o = -7 + 19. Suppose -2 = -o*r + 6*r, -4*d + 2*r + 34 = 0. Let b(a) = -a**2 + 10*a - 3. List the prime factors of b(d).
13
Suppose -6*a = 3*m - 2*a - 133, 25 = -5*a. Let g = m - 19. List the prime factors of g.
2
Let z be (-5)/(-10)*10 + 2. Suppose -5*s = -13 - 2. Let w = z + s. List the prime factors of w.
2, 5
Let z(n) = 2*n**2 - 9*n - 13. List the prime factors of z(9).
2, 17
Let v(x) = 3*x**2 + x. Let l be v(-1). Let k(z) = -z**3 + 4*z**2 - 4*z + 1. Let p be k(3). Let f = l - p. List the prime factors of f.
2
Let f(y) = -y**3 + 15*y**2 - 22*y - 1. List the prime factors of f(13).
3, 17
Suppose 0*k - 3*v = -k - 9, -4*k - 5*v = -32. Suppose k*f - 4*f = -50. List the prime factors of (-3)/(-2)*f/15.
5
Suppose 3*t - 2*q = 125, -5*t + 5*q + 123 = -87. Let y = t - 19. List the prime factors of y.
2, 11
Let p be (-4452)/(-30) - 4/10. Suppose 4*y - 4*u - 78 = 78, 0 = 4*y + 4*u - p. What are the prime factors of y?
2, 19
Let x(q) = q**3 + 10*q**2 - 5*q + 10. What are the prime factors of x(-10)?
2, 3, 5
Let o = -7 - -35. Suppose -o = -5*z + 27. What are the prime factors of z?
11
Suppose -y - d - 1 = 2, y - 2*d = 12. Suppose 30 = -m + y*m. Let g = -21 + m. What are the prime factors of g?
3
Let p be 0/3*(-2)/2. Let d(m) = -m**3 + m**2 + m + 21. Let k be d(p). Suppose -101 = -5*o - k. What are the prime factors of o?
2
Suppose g - 13 = -5*a, 3*g + 1 = a + 8. Let f(d) = 2*d - 4. List the prime factors of f(g).
2
Suppose 2*h + 956 = 5*r, 3*h - 958 = -5*r + 4*h. List the prime factors of r.
2, 3
Let k(w) = 2*w**2 - 3*w + 7. Let a(o) = o**2 + o + 1. Let y(z) = 3*a(z) - k(z). Let d be y(-7). List the prime factors of d/(-2) + 216/16.
2, 3
Let k(u) = -u + 2 - 4 + 6. Let h be k(-6). Let n = 15 - h. List the prime factors of n.
5
Let p(k) = 2*k - 4. Suppose 2*h - 8 = -0. List the prime factors of p(h).
2
List the prime factors of ((-2)/((-10)/15))/(1/23).
3, 23
Let l(i) = 15*i**3 + 6*i**2 - 6*i - 7. Let p(y) = -7*y**3 - 3*y**2 + 3*y + 3. Let c(r) = -6*l(r) - 13*p(r). What are the prime factors of c(-3)?
2, 3
Suppose -3*g - 51 = 30. Let f = -19 - g. List the prime factors of f.
2
Let x = -7 - -10. List the prime factors of x - (0 + 0/(-2)).
3
Suppose -9 - 3 = -3*n. Let t = n + 11. What are the prime factors of t?
3, 5
Let r be 24*1*2/4. Let x = r - 8. Suppose 7*i - 2*i - 36 = -4*l, -x*l = i - 36. List the prime factors of l.
3
Let p = -170 + 412. List the prime factors of p.
2, 11
Let o = 5 + -1. Suppose o*y + 30 = -3*s + 5*s, 4*s = -5*y - 5. Suppose 0 = -s*n + g + 58, -n - 4 = 4*g - 3. What are the prime factors of n?
11
Suppose 0 = -s - 0 - 2. Let j be (s - -14)*1/(-2). List the prime factors of -15*2/(1*j).
5
Suppose 0*a = a - 122. Suppose -u = -4*n + a, -5*n + 156 = -2*u - u. Suppose -7*m + 2*m = -n. What are the prime factors of m?
2, 3
Suppose v = -v - 4, 0 = 4*z + 4*v - 1212. What are the prime factors of z?
5, 61
Let r be -3*(-1)/(-3)*-2. Let q(g) = 1 + 2*g**2 - 2*g**2 + 0*g + g**r + 2*g. List the prime factors of q(-4).
3
Let w(j) be the third derivative of j**6/720 + j**5/24 - j**4/12 - j**2. Let h(v) be the second derivative of w(v). List the prime factors of h(5).
2, 5
List the prime factors of 2/(-2)*62/(-2).
31
Let x = -156 - -298. What are the prime factors of x?
2, 71
Let d(s) = -s + 7. Let m = 17 - 12. Let x be d(m). Suppose -x*c = -1 - 3. What are the prime factors of c?
2
Let w(g) = g**2 + 5. Let s be w(10). Suppose -4*c + s = c. What are the prime factors of c?
3, 7
Suppose -3*o = 5*w - 46, -o - 2*w = 3*o - 38. Suppose -3*g + 2*r + 20 = 0, 0 = 2*g + 3*r + 2*r - o. What are the prime factors of g?
2, 3
Let o be 1/2*(3 + -7). What are the prime factors of (-2)/(-3)*(-33)/o?
11
Suppose 0 = 4*s - 0 + 4. Let i = s + -1. List the prime factors of 4 + 9/(i + 5).
7
Let m(y) = y**3 - 7*y**2 - 9*y + 1. Let x be m(8). Let d(r) = -r**2 - 3*r - 2. Let u be d(3). Let l = x - u. What are the prime factors of l?
13
List the prime factors of (7 - (-418)/6) + (-2)/3.
2, 19
Let p be 6*(-1 + (-9)/(-6)). Suppose -5*l - 4*x = -3*x - 37, p*l - 4*x - 36 = 0. Let r(b) = -b**2 + 8*b + 8. What are the prime factors of r(l)?
2
Let r(g) = -11*g**2 - 7*g - 9. Let q(z) = -5*z**2 - 4*z - 5. Let d(w) = 7*q(w) - 4*r(w). Let a(s) = s + 6. Let y be a(-5). What are the prime factors of d(y)?
2, 5
Let q(s) = s + 4. Let u be q(0). Suppose -o = -u*o + 123. List the prime factors of o.
41
Let u(h) = -7*h - 10. List the prime factors of u(-8).
2, 23
Suppose -10 = 5*m, -5*j + 2*m = m + 278. Suppose s + 3*n = 4*n - 13, -2*n - 22 = 2*s. List the prime factors of j/(-6) - 8/s.
2, 5
Suppose 0 = 2*f + 3*x - 3, 4*f = -3*x + 2*x + 21. Let j(v) = 10*v + 4. Let d be j(4). Suppose i + 2 = -5*y - f, -5*i + 3*y + d = 0. List the prime factors of i.
7
Let z(b) = -b**2 + b + 207. List the prime factors of z(0).
3, 23
Suppose u - 264 = -u. List the prime factors of u.
2, 3, 11
Let o(g) = 3*g**2 - g + 2. Let c be o(2). Let u = 17 - c. What are the prime factors of u?
5
Suppose 3*s - 26 = s. Suppose -s = -11*g + 10*g. List the prime factors of g.
13
What are the prime factors of 70/21*(-72)/(-10)?
2, 3
Let r = 296 + -